8?
True
Does 1423 divide 9188224?
False
Is 2123139 a multiple of 309?
True
Is 296 a factor of 185279?
False
Is 196 a factor of 2335732?
True
Is 127 a factor of 514999?
False
Does 143 divide 5055?
False
Is 177564 a multiple of 12?
True
Is 4 a factor of 851164?
True
Is 817 a factor of 8637324?
True
Is 627100 a multiple of 95?
False
Does 245 divide 48020?
True
Is 81486 a multiple of 21?
False
Is 134 a factor of 1906982?
False
Is 492033 a multiple of 416?
False
Is 234171 a multiple of 531?
True
Does 21 divide 982470?
False
Is 17198527 a multiple of 27?
False
Is 45 a factor of 603045?
True
Is 158423 a multiple of 84?
False
Is 62 a factor of 108562?
True
Does 30 divide 404670?
True
Is 13524 a multiple of 91?
False
Is 13 a factor of 1874412?
False
Is 85860 a multiple of 60?
True
Does 12 divide 283404?
True
Is 376 a factor of 368104?
True
Does 15 divide 3911025?
True
Is 3520811 a multiple of 24?
False
Is 1549134 a multiple of 847?
False
Is 1660046 a multiple of 358?
True
Is 213142 a multiple of 19?
True
Is 6 a factor of 251829?
False
Does 2 divide 79886?
True
Does 269 divide 3426522?
True
Is 32 a factor of 84989?
False
Is 12 a factor of 333737?
False
Is 431 a factor of 1647231?
False
Is 10 a factor of 13165?
False
Is 12 a factor of 11529?
False
Is 3520941 a multiple of 89?
False
Does 19 divide 732944?
True
Does 13 divide 2152138?
False
Does 25 divide 69485?
False
Is 127620 a multiple of 20?
True
Is 33264 a multiple of 16?
True
Is 107 a factor of 4484?
False
Does 12 divide 5073216?
True
Does 13 divide 808147?
False
Is 429216 a multiple of 12?
True
Does 149 divide 2642813?
True
Is 6373926 a multiple of 39?
True
Does 323 divide 7501675?
True
Is 5964411 a multiple of 19?
False
Does 21 divide 2048811?
False
Is 7954440 a multiple of 30?
True
Is 88 a factor of 385792?
True
Is 30 a factor of 3813990?
True
Is 4948047 a multiple of 481?
True
Is 52 a factor of 246636?
True
Does 1273 divide 4333292?
True
Is 132776 a multiple of 28?
True
Is 1197 a factor of 8384475?
False
Is 129 a factor of 79465?
False
Does 7 divide 100372?
False
Is 7 a factor of 2420951?
False
Does 36 divide 70344?
True
Is 269 a factor of 33625?
True
Does 104 divide 2143128?
True
Does 154 divide 1968650?
False
Is 573666 a multiple of 683?
False
Is 251712 a multiple of 46?
True
Is 56628 a multiple of 7?
False
Is 26946 a multiple of 20?
False
Is 269 a factor of 24724007?
False
Is 194 a factor of 447752?
True
Does 168 divide 204352?
False
Is 65561 a multiple of 51?
False
Is 700 a factor of 831671?
False
Does 15 divide 37980?
True
Does 11 divide 16616674?
False
Is 38 a factor of 96292?
True
Is 10 a factor of 127687?
False
Is 278278 a multiple of 22?
True
Is 987940 a multiple of 470?
True
Is 539301 a multiple of 61?
True
Is 347830 a multiple of 5?
True
Does 900 divide 1029600?
True
Is 11 a factor of 600950?
False
Is 721 a factor of 403760?
True
Does 42 divide 7298050?
False
Does 154 divide 128744?
True
Does 233 divide 168330?
False
Is 105860 a multiple of 121?
False
Does 17 divide 35547?
True
Does 82 divide 1203728?
False
Is 4 a factor of 67627?
False
Is 86199 a multiple of 71?
False
Does 15 divide 24191979?
False
Is 1274014 a multiple of 53?
True
Is 1346762 a multiple of 296?
False
Is 343662 a multiple of 451?
True
Does 228 divide 124488?
True
Is 55 a factor of 50108?
False
Is 228 a factor of 12403589?
False
Does 63 divide 173275?
False
Does 263 divide 306570?
False
Is 94 a factor of 242238?
True
Is 90914 a multiple of 131?
True
Does 1319 divide 25964515?
True
Is 290 a factor of 139879?
False
Does 24 divide 1383804?
False
Does 689 divide 5451368?
True
Is 23825511 a multiple of 97?
False
Is 9 a factor of 168642?
True
Is 234333 a multiple of 81?
True
Is 415340 a multiple of 380?
True
Is 1305183 a multiple of 144?
False
Is 14 a factor of 1192188?
False
Is 2202450 a multiple of 75?
True
Is 9 a factor of 2128?
False
Is 17896658 a multiple of 450?
False
Is 3873905 a multiple of 7?
True
Does 202 divide 131408?
False
Is 41 a factor of 593434?
True
Does 61 divide 164090?
True
Is 129 a factor of 4291959?
True
Is 44093 a multiple of 2?
False
Is 840854 a multiple of 108?
False
Is 10711380 a multiple of 562?
False
Does 928 divide 782387?
False
Is 218680 a multiple of 88?
True
Is 30 a factor of 1306037?
False
Does 19 divide 36803?
True
Is 3 a factor of 1003728?
True
Does 35 divide 1690220?
True
Does 67 divide 347998?
True
Does 5 divide 1716848?
False
Is 491 a factor of 1215829?
False
Is 8 a factor of 108272?
True
Does 79 divide 468160?
False
Does 24 divide 1126474?
False
Is 4960 a multiple of 24?
False
Is 54 a factor of 4906224?
True
Is 92425 a multiple of 575?
False
Is 2 a factor of 26446?
True
Is 1693 a factor of 5426065?
True
Is 993278 a multiple of 286?
True
Does 30 divide 831660?
True
Does 94 divide 43052?
True
Is 41 a factor of 203032?
True
Is 2891520 a multiple of 384?
True
Is 907488 a multiple of 138?
True
Does 2 divide 13845?
False
Is 63 a factor of 208134?
False
Does 46 divide 258014?
True
Is 1277321 a multiple of 5?
False
Does 239 divide 83305?
False
Is 66 a factor of 505219?
False
Is 10 a factor of 16230?
True
Is 971465 a multiple of 55?
True
Is 4209 a multiple of 183?
True
Does 50 divide 607400?
True
Is 6 a factor of 6315732?
True
Is 24 a factor of 12956280?
True
Is 17723 a multiple of 24?
False
Does 710 divide 2361460?
True
Is 189 a factor of 532980?
True
Is 5800036 a multiple of 22?
True
Does 179 divide 1401875?
False
Is 4 a factor of 5603497?
False
Is 3069512 a multiple of 172?
True
Is 6 a factor of 1292252?
False
Is 531 a factor of 110583?
False
Is 167311 a multiple of 178?
False
Does 255 divide 1385553?
False
Does 33 divide 52404?
True
Is 41392 a multiple of 13?
True
Does 80 divide 2654811?
False
Is 1282236 a multiple of 41?
False
Is 2437835 a multiple of 423?
False
Is 13 a factor of 8892?
True
Is 32 a factor of 2201504?
True
Is 4700418 a multiple of 10?
False
Is 2836120 a multiple of 20?
True
Is 11 a factor of 1891527?
True
Is 267027 a multiple of 542?
False
Is 10 a factor of 138259?
False
Is 1177 a factor of 6508810?
True
Does 191 divide 237667?
False
Does 286 divide 3724578?
True
Is 353570 a multiple of 14?
True
Is 812068 a multiple of 180?
False
Is 634 a factor of 19682347?
False
Does 34 divide 22358978?
True
Is 1685 a multiple of 2?
False
Is 247 a factor of 8847540?
True
Is 595241 a multiple of 68?
False
Is 27 a factor of 52605?
False
Is 6701136 a multiple of 48?
True
Does 68 divide 4095572?
True
Is 2291848 a multiple of 104?
True
Is 563873 a multiple of 41?
True
Does 9 divide 28214?
False
Is 304 a factor of 5749818?
False
Is 135 a factor of 179817?
False
Is 171 a factor of 701442?
True
Is 9 a factor of 382166?
False
Is 142614 a multiple of 7?
False
Does 27 divide 253206?
True
Is 14 a factor of 997751?
False
Is 36 a factor of 927194?
False
Is 394896 a multiple of 114?
True
Does 143 divide 2737767?
False
Is 477 a factor of 6572106?
True
Does 7 divide 10138?
False
Does 186 divide 676482?
True
Is 4702709 a multiple of 8?
False
Does 591 divide 539035?
False
Is 13827460 a multiple of 134?
True
Is 3318768 a multiple of 8?
True
Does 3 divide 74403?
True
Is 160008 a multiple of 6?
True
Is 216637 a multiple of 23?
True
Is 13434 a multiple of 13?
False
Is 638 a factor of 102080?
True
Is 128964 a multiple of 22?
True
Is 14 a factor of 28179662?
True
Is 44 a factor of 274309?
False
Is 27502 a multiple of 33?
False
Is 3109646 a multiple of 242?
False
Does 74 divide 13246?
True
Is 12 a factor of 105012?
True
Does 14 divide 98098?
True
Does 12 divide 264883?
False
Does 126 divide 1445936?
False
Does 32 divide 1622848?
True
Is 291454 a multiple of 43?
True
Is 2025 a factor of 19389375?
True
Is 384801 a multiple of 39?
False
Does 258 divide 11494987?
False
Is 5534546 a multiple of 784?
False
Does 32 divide 106880?
True
Is 15875456 a multiple of 16?
True
Does 371 divide 146916?
True
Does 293 divide 2952142?
False
Is 106200 a multiple of 45?
True
Is 2550964 a multiple of 26?
True
Does 852 divide 4112616?
False
Is 10 a factor of 439392?
False
Is 911320 a multiple of 13?
False
Does 180 divide 964800?
True
Is 20080480 a multiple of 274?
False
Is 17 a factor of 2586232?
False
Does 10 divide 15107?
False
Is 1389566 a multiple of 41?
False
Is 596781 a multiple of 207?
True
Is 2719815 a multiple of 619?
False
D